{"id":12,"date":"2013-01-10T17:59:23","date_gmt":"2013-01-10T15:59:23","guid":{"rendered":"http:\/\/www.wpnrw.com\/waermepumpen-klimaanlagen\/?page_id=12"},"modified":"2013-01-11T10:15:08","modified_gmt":"2013-01-11T08:15:08","slug":"serviceauftrag","status":"publish","type":"page","link":"https:\/\/www.wpnrw.com\/waermepumpen-klimaanlagen\/serviceauftrag\/","title":{"rendered":"Serviceauftrag"},"content":{"rendered":"<p><strong>Kundendienst Beauftragung<\/strong><\/p>\n<p>hiermit beauftrage ich die Firma Hahmann W\u00e4rmepumpenservice den nachfolgenden Service Auftrag auszuf\u00fchren.<br \/>\nDie Rechnungsstellung erfolgt ausschlie\u00dflich an den Auftraggeber.<\/p>\n\n<div class=\"wpcf7 no-js\" id=\"wpcf7-f45-o1\" lang=\"en-US\" dir=\"ltr\">\n<div class=\"screen-reader-response\"><p role=\"status\" aria-live=\"polite\" aria-atomic=\"true\"><\/p> <ul><\/ul><\/div>\n<form action=\"\/waermepumpen-klimaanlagen\/wp-json\/wp\/v2\/pages\/12#wpcf7-f45-o1\" method=\"post\" class=\"wpcf7-form init\" aria-label=\"Contact form\" novalidate=\"novalidate\" data-status=\"init\">\n<div style=\"display: none;\">\n<input type=\"hidden\" name=\"_wpcf7\" value=\"45\" \/>\n<input type=\"hidden\" name=\"_wpcf7_version\" value=\"5.7.7\" \/>\n<input type=\"hidden\" name=\"_wpcf7_locale\" value=\"en_US\" \/>\n<input type=\"hidden\" name=\"_wpcf7_unit_tag\" value=\"wpcf7-f45-o1\" \/>\n<input type=\"hidden\" name=\"_wpcf7_container_post\" value=\"0\" \/>\n<input type=\"hidden\" name=\"_wpcf7_posted_data_hash\" value=\"\" \/>\n<\/div>\n<p><br class=\"clear\" \/>\n<\/p>\n<p>Es handelt sich um (Pflichtfeld)\n<\/p>\n<p><span class=\"wpcf7-form-control-wrap\" data-name=\"menu-849\"><select class=\"wpcf7-form-control wpcf7-select wpcf7-validates-as-required\" aria-required=\"true\" aria-invalid=\"false\" name=\"menu-849\"><option value=\"\">&#8212;Please choose an option&#8212;<\/option><option value=\"W\u00e4rmepumpe\">W\u00e4rmepumpe<\/option><option value=\"Klimaanlage\">Klimaanlage<\/option><option value=\"Sonstige\">Sonstige<\/option><\/select><\/span>\n<\/p>\n<p><br class=\"clear\" \/>\n<\/p>\n<p><br \/>\n<b>Ger\u00e4tedaten<\/b>\n<\/p>\n<p>Hersteller (Pflichtfeld)\n<\/p>\n<p><span class=\"wpcf7-form-control-wrap\" data-name=\"textarea-534\"><textarea cols=\"40\" rows=\"1\" class=\"wpcf7-form-control wpcf7-textarea wpcf7-validates-as-required\" aria-required=\"true\" aria-invalid=\"false\" name=\"textarea-534\"><\/textarea><\/span><br \/>\nTyp (Pflichtfeld)\n<\/p>\n<p><span class=\"wpcf7-form-control-wrap\" data-name=\"textarea-875\"><textarea cols=\"40\" rows=\"1\" class=\"wpcf7-form-control wpcf7-textarea wpcf7-validates-as-required\" aria-required=\"true\" aria-invalid=\"false\" name=\"textarea-875\"><\/textarea><\/span>\n<\/p>\n<p>Seriennr. (Pflichtfeld)\n<\/p>\n<p><span class=\"wpcf7-form-control-wrap\" data-name=\"textarea-809\"><textarea cols=\"40\" rows=\"1\" class=\"wpcf7-form-control wpcf7-textarea wpcf7-validates-as-required\" aria-required=\"true\" aria-invalid=\"false\" name=\"textarea-809\"><\/textarea><\/span><br \/>\n<br class=\"clear\" \/><br \/>\n<b>Rechnungsempf\u00e4nger \/ Auftraggeber<\/b><br \/>\nKundennr.: <span class=\"wpcf7-form-control-wrap\" data-name=\"textarea-812\"><textarea cols=\"40\" rows=\"1\" class=\"wpcf7-form-control wpcf7-textarea\" aria-invalid=\"false\" name=\"textarea-812\"><\/textarea><\/span><br \/>\nVorname (Pflichtfeld): <span class=\"wpcf7-form-control-wrap\" data-name=\"textarea-544\"><textarea cols=\"40\" rows=\"1\" class=\"wpcf7-form-control wpcf7-textarea wpcf7-validates-as-required\" aria-required=\"true\" aria-invalid=\"false\" name=\"textarea-544\"><\/textarea><\/span><br \/>\nNachname (Pflichtfeld): <span class=\"wpcf7-form-control-wrap\" data-name=\"textarea-702\"><textarea cols=\"40\" rows=\"1\" class=\"wpcf7-form-control wpcf7-textarea wpcf7-validates-as-required\" aria-required=\"true\" aria-invalid=\"false\" name=\"textarea-702\"><\/textarea><\/span><br \/>\nFirma: <span class=\"wpcf7-form-control-wrap\" data-name=\"textarea-902\"><textarea cols=\"40\" rows=\"1\" class=\"wpcf7-form-control wpcf7-textarea\" aria-invalid=\"false\" name=\"textarea-902\"><\/textarea><\/span><br \/>\nStrasse \/ Hausnummer (Pflichtfeld): <span class=\"wpcf7-form-control-wrap\" data-name=\"textarea-272\"><textarea cols=\"40\" rows=\"1\" class=\"wpcf7-form-control wpcf7-textarea wpcf7-validates-as-required\" aria-required=\"true\" aria-invalid=\"false\" name=\"textarea-272\"><\/textarea><\/span><br \/>\nPLZ (Pflichtfeld): <span class=\"wpcf7-form-control-wrap\" data-name=\"textarea-251\"><textarea cols=\"40\" rows=\"1\" class=\"wpcf7-form-control wpcf7-textarea wpcf7-validates-as-required\" aria-required=\"true\" aria-invalid=\"false\" name=\"textarea-251\"><\/textarea><\/span><br \/>\nOrt (Pflichtfeld): <span class=\"wpcf7-form-control-wrap\" data-name=\"textarea-964\"><textarea cols=\"40\" rows=\"1\" class=\"wpcf7-form-control wpcf7-textarea wpcf7-validates-as-required\" aria-required=\"true\" aria-invalid=\"false\" name=\"textarea-964\"><\/textarea><\/span><br \/>\nTelefon (Pflichtfeld): <span class=\"wpcf7-form-control-wrap\" data-name=\"textarea-203\"><textarea cols=\"40\" rows=\"1\" class=\"wpcf7-form-control wpcf7-textarea wpcf7-validates-as-required\" aria-required=\"true\" aria-invalid=\"false\" name=\"textarea-203\"><\/textarea><\/span><br \/>\nFax: <span class=\"wpcf7-form-control-wrap\" data-name=\"textarea-73\"><textarea cols=\"40\" rows=\"1\" class=\"wpcf7-form-control wpcf7-textarea\" aria-invalid=\"false\" name=\"textarea-73\"><\/textarea><\/span><br \/>\nHandy: <span class=\"wpcf7-form-control-wrap\" data-name=\"textarea-785\"><textarea cols=\"40\" rows=\"1\" class=\"wpcf7-form-control wpcf7-textarea\" aria-invalid=\"false\" name=\"textarea-785\"><\/textarea><\/span><br \/>\nEMail (Pflichtfeld):<br \/>\n<span class=\"wpcf7-form-control-wrap\" data-name=\"email-798\"><input size=\"40\" class=\"wpcf7-form-control wpcf7-text wpcf7-email wpcf7-validates-as-required wpcf7-validates-as-email\" aria-required=\"true\" aria-invalid=\"false\" value=\"\" type=\"email\" name=\"email-798\" \/><\/span><br \/>\n<br class=\"clear\" \/><br \/>\n<b>Anlagenstandort <\/b><br class=\"clear\" \/><br \/>\nVorname (Pflichtfeld): <span class=\"wpcf7-form-control-wrap\" data-name=\"textarea-697\"><textarea cols=\"40\" rows=\"1\" class=\"wpcf7-form-control wpcf7-textarea wpcf7-validates-as-required\" aria-required=\"true\" aria-invalid=\"false\" name=\"textarea-697\"><\/textarea><\/span><br \/>\nNachname (Pflichtfeld): <span class=\"wpcf7-form-control-wrap\" data-name=\"textarea-931\"><textarea cols=\"40\" rows=\"1\" class=\"wpcf7-form-control wpcf7-textarea wpcf7-validates-as-required\" aria-required=\"true\" aria-invalid=\"false\" name=\"textarea-931\"><\/textarea><\/span><br \/>\nFirma: <span class=\"wpcf7-form-control-wrap\" data-name=\"textarea-556\"><textarea cols=\"40\" rows=\"1\" class=\"wpcf7-form-control wpcf7-textarea\" aria-invalid=\"false\" name=\"textarea-556\"><\/textarea><\/span><br \/>\nStrasse (Pflichtfeld): <span class=\"wpcf7-form-control-wrap\" data-name=\"textarea-601\"><textarea cols=\"40\" rows=\"1\" class=\"wpcf7-form-control wpcf7-textarea wpcf7-validates-as-required\" aria-required=\"true\" aria-invalid=\"false\" name=\"textarea-601\"><\/textarea><\/span><br \/>\nPLZ (Pflichtfeld): <span class=\"wpcf7-form-control-wrap\" data-name=\"textarea-114\"><textarea cols=\"40\" rows=\"1\" class=\"wpcf7-form-control wpcf7-textarea wpcf7-validates-as-required\" aria-required=\"true\" aria-invalid=\"false\" name=\"textarea-114\"><\/textarea><\/span><br \/>\nOrt (Pflichtfeld): <span class=\"wpcf7-form-control-wrap\" data-name=\"textarea-270\"><textarea cols=\"40\" rows=\"1\" class=\"wpcf7-form-control wpcf7-textarea wpcf7-validates-as-required\" aria-required=\"true\" aria-invalid=\"false\" name=\"textarea-270\"><\/textarea><\/span><br \/>\nTelefon (Pflichtfeld): <span class=\"wpcf7-form-control-wrap\" data-name=\"textarea-91\"><textarea cols=\"40\" rows=\"1\" class=\"wpcf7-form-control wpcf7-textarea wpcf7-validates-as-required\" aria-required=\"true\" aria-invalid=\"false\" name=\"textarea-91\"><\/textarea><\/span><br \/>\nEMail: <span class=\"wpcf7-form-control-wrap\" data-name=\"textarea-141\"><textarea cols=\"40\" rows=\"1\" class=\"wpcf7-form-control wpcf7-textarea\" aria-invalid=\"false\" name=\"textarea-141\"><\/textarea><\/span><br \/>\n<br class=\"clear\" \/><br \/>\n<b>St\u00f6rung \/ Grund der Beauftragung (Pflichtfeld):<br \/>\n<span class=\"wpcf7-form-control-wrap\" data-name=\"textarea-347\"><textarea cols=\"40\" rows=\"4\" class=\"wpcf7-form-control wpcf7-textarea wpcf7-validates-as-required\" aria-required=\"true\" aria-invalid=\"false\" name=\"textarea-347\"><\/textarea><\/span> <br class=\"clear\" \/><br \/>\nTerminvereinbarung erfolgt mit (Pflichtfeld):<br \/>\n<span class=\"wpcf7-form-control-wrap\" data-name=\"menu-105\"><select class=\"wpcf7-form-control wpcf7-select wpcf7-validates-as-required\" aria-required=\"true\" aria-invalid=\"false\" name=\"menu-105\"><option value=\"\">&#8212;Please choose an option&#8212;<\/option><option value=\"Auftraggeber\">Auftraggeber<\/option><option value=\"Endkunde\">Endkunde<\/option><\/select><\/span><br \/>\n<br class=\"clear\" \/><br \/>\n<b>WICHTIG: Wir schicken Ihnen direkt nach Bet\u00e4tigung des<br \/>\n\"Senden Button\" eine Auftragsbest\u00e4tigung mit allen Daten an<br \/>\nIhre EMailadresse. Bitte \u00fcberpr\u00fcfen Sie Ihre Eingaben<br \/>\nnoch einmal und beantworten Sie die Email mit<br \/>\ndem Kommentar \" Auftrag freischalten \".<br \/>\nVielen Dank<br \/>\n<\/b><br \/>\n<br class=\"clear\" \/><br \/>\n<span class=\"wpcf7-form-control-wrap\" data-name=\"acceptance-805\"><span class=\"wpcf7-form-control wpcf7-acceptance\"><span class=\"wpcf7-list-item\"><label><input type=\"checkbox\" name=\"acceptance-805\" value=\"1\" aria-invalid=\"false\" \/><span class=\"wpcf7-list-item-label\">Ich best\u00e4tige, dass ich die auf dieser Website hinterlegte Datenschutzerkl\u00e4rung gelesen habe und diese akzeptiere. Ich stimme zu, dass meine Angaben aus dem Kontaktformular zur Beantwortung meiner Anfrage erhoben und verarbeiten werden. Die Angaben aus dem Serviceformular sind reine zweckgebundene Daten, die nach Beendigung des Serviceeinsatzes gel\u00f6scht werden. Hinweis: Sie k\u00f6nnen Ihre Einwilligung jederzeit f\u00fcr die Zukunft widerrufen. Detaillierte Informationen zum Umgang mit Nutzerdaten finden Sie in unserer Datenschutzerkl\u00e4rung.<\/span><\/label><\/span><\/span><\/span><br \/>\n<br class=\"clear\" \/><br class=\"clear\" \/><br \/>\n<br class=\"clear\" \/><br \/>\n<\/b>\n<\/p>\n<p><input class=\"wpcf7-form-control has-spinner wpcf7-submit\" type=\"submit\" value=\"Senden\" \/>\n<\/p><div class=\"wpcf7-response-output\" aria-hidden=\"true\"><\/div>\n<\/form>\n<\/div>\n\n","protected":false},"excerpt":{"rendered":"<p>Kundendienst Beauftragung hiermit beauftrage ich die Firma Hahmann W\u00e4rmepumpenservice den nachfolgenden Service Auftrag auszuf\u00fchren. Die Rechnungsstellung erfolgt ausschlie\u00dflich an den Auftraggeber.<\/p>\n","protected":false},"author":1,"featured_media":0,"parent":0,"menu_order":3,"comment_status":"closed","ping_status":"closed","template":"","meta":[],"_links":{"self":[{"href":"https:\/\/www.wpnrw.com\/waermepumpen-klimaanlagen\/wp-json\/wp\/v2\/pages\/12"}],"collection":[{"href":"https:\/\/www.wpnrw.com\/waermepumpen-klimaanlagen\/wp-json\/wp\/v2\/pages"}],"about":[{"href":"https:\/\/www.wpnrw.com\/waermepumpen-klimaanlagen\/wp-json\/wp\/v2\/types\/page"}],"author":[{"embeddable":true,"href":"https:\/\/www.wpnrw.com\/waermepumpen-klimaanlagen\/wp-json\/wp\/v2\/users\/1"}],"replies":[{"embeddable":true,"href":"https:\/\/www.wpnrw.com\/waermepumpen-klimaanlagen\/wp-json\/wp\/v2\/comments?post=12"}],"version-history":[{"count":7,"href":"https:\/\/www.wpnrw.com\/waermepumpen-klimaanlagen\/wp-json\/wp\/v2\/pages\/12\/revisions"}],"predecessor-version":[{"id":46,"href":"https:\/\/www.wpnrw.com\/waermepumpen-klimaanlagen\/wp-json\/wp\/v2\/pages\/12\/revisions\/46"}],"wp:attachment":[{"href":"https:\/\/www.wpnrw.com\/waermepumpen-klimaanlagen\/wp-json\/wp\/v2\/media?parent=12"}],"curies":[{"name":"wp","href":"https:\/\/api.w.org\/{rel}","templated":true}]}}